 5895988?
False
Is 114747 a multiple of 69?
True
Is 282340 even?
True
Does 13 divide 157777?
False
Does 161 divide 187426?
False
Does 21 divide 2865912?
True
Is 1379994 a multiple of 22?
True
Is 116 a factor of 1655552?
True
Is 303973 a multiple of 9?
False
Is 38 a factor of 356592?
True
Is 73 a factor of 128968?
False
Is 116 a factor of 3009272?
True
Is 281 a factor of 35968?
True
Does 291 divide 35502?
True
Is 4256665 a multiple of 47?
False
Is 770245 a multiple of 413?
True
Is 6585333 a multiple of 913?
False
Is 32 a factor of 9092199?
False
Is 563 a factor of 442835?
False
Is 34540013 a multiple of 176?
False
Does 160 divide 3016?
False
Does 1373 divide 9080980?
False
Is 1438718 a multiple of 25?
False
Does 220 divide 2768480?
True
Is 493 a factor of 2054331?
True
Is 216 a factor of 795528?
True
Is 418997 a multiple of 13?
False
Is 369468 a multiple of 108?
True
Is 1863 a multiple of 7?
False
Does 56 divide 268793?
False
Does 4 divide 2131676?
True
Is 10 a factor of 38520?
True
Does 31 divide 7654949?
False
Does 26 divide 28496?
True
Is 894531 a multiple of 22?
False
Is 40 a factor of 844720?
True
Is 141 a factor of 2473422?
True
Does 271 divide 68292?
True
Is 691509 a multiple of 17?
True
Is 7 a factor of 68915?
True
Does 73 divide 923888?
True
Does 27 divide 1785394?
False
Is 21707 a multiple of 80?
False
Does 16 divide 9564463?
False
Is 133866 a multiple of 187?
False
Is 136 a factor of 124576?
True
Is 122 a factor of 3204574?
True
Is 420392 a multiple of 18?
False
Does 38 divide 74100?
True
Is 6 a factor of 59767?
False
Does 44 divide 373164?
True
Does 6 divide 5580?
True
Is 14 a factor of 121086?
True
Does 11 divide 4071815?
True
Is 27 a factor of 57098?
False
Does 6 divide 245382?
True
Does 23 divide 654775?
False
Is 34 a factor of 28764?
True
Is 202370 a multiple of 295?
True
Does 145 divide 92189?
False
Does 16 divide 2266329?
False
Is 49 a factor of 177282?
True
Does 7 divide 218390?
False
Is 44 a factor of 137226?
False
Does 15 divide 25287?
False
Does 15 divide 54108?
False
Is 291 a factor of 632400?
False
Is 12466072 a multiple of 17?
False
Is 60 a factor of 75060?
True
Is 1079048 a multiple of 38?
True
Does 105 divide 1194636?
False
Is 173 a factor of 35638?
True
Is 80223 a multiple of 221?
True
Does 34 divide 535674?
False
Is 17 a factor of 81226?
True
Is 14 a factor of 15547?
False
Does 15 divide 27825?
True
Does 14 divide 8934039?
False
Does 3 divide 266936?
False
Is 505 a factor of 2005566?
False
Is 14 a factor of 106970?
False
Is 64 a factor of 181568?
True
Is 38 a factor of 1314525?
False
Is 168546 a multiple of 29?
False
Is 521038 a multiple of 22?
False
Does 5 divide 27424?
False
Is 195 a factor of 291109?
False
Is 11411911 a multiple of 167?
False
Does 366 divide 1693901?
False
Does 874 divide 6113885?
False
Is 44994 a multiple of 2?
True
Does 280 divide 110320?
True
Does 20 divide 226985?
False
Is 13 a factor of 7065461?
True
Does 63 divide 697857?
False
Does 12 divide 245316?
True
Does 39 divide 4512751?
False
Is 4 a factor of 2211131?
False
Is 3261750 a multiple of 750?
True
Is 5 a factor of 6868?
False
Is 236128 a multiple of 43?
False
Is 55611 a multiple of 111?
True
Does 21 divide 12193314?
True
Is 585378 a multiple of 9?
True
Does 472 divide 1200768?
True
Is 116853 a multiple of 33?
True
Does 13 divide 51690?
False
Is 67 a factor of 649055?
False
Is 673140 a multiple of 33?
False
Is 82075 a multiple of 18?
False
Does 15 divide 264480?
True
Is 798 a factor of 18522?
False
Does 61 divide 28975?
True
Is 48 a factor of 1136928?
True
Is 4182864 a multiple of 211?
True
Is 31 a factor of 92690?
True
Does 508 divide 167132?
True
Is 9 a factor of 2485098?
True
Is 263 a factor of 81543?
False
Is 20 a factor of 1348432?
False
Is 849732 a multiple of 26?
True
Is 5225094 a multiple of 23?
True
Is 16 a factor of 5836523?
False
Is 30528 a multiple of 159?
True
Is 68 a factor of 3465076?
True
Is 153048 a multiple of 122?
False
Does 128 divide 1194704?
False
Does 446 divide 8011684?
False
Is 24 a factor of 243840?
True
Does 21 divide 9740446?
False
Does 60 divide 237960?
True
Is 3807569 a multiple of 24?
False
Is 143699 a multiple of 438?
False
Is 254982 a multiple of 14?
True
Is 9774948 a multiple of 10?
False
Does 275 divide 176580?
False
Is 60960 a multiple of 72?
False
Is 24 a factor of 13488?
True
Is 14516165 a multiple of 675?
False
Does 23 divide 551172?
True
Is 10 a factor of 34690?
True
Is 305880 a multiple of 120?
True
Is 35 a factor of 23275?
True
Does 7 divide 3072840?
False
Does 48 divide 3434096?
False
Is 103 a factor of 7053014?
False
Is 4413906 a multiple of 354?
False
Is 30542 a multiple of 285?
False
Is 36 a factor of 2082847?
False
Is 1527 a multiple of 36?
False
Is 148800 a multiple of 75?
True
Does 961 divide 4265202?
False
Does 85 divide 3574323?
False
Is 3917 a multiple of 39?
False
Is 35 a factor of 13511378?
False
Does 398 divide 1305838?
True
Does 124 divide 69812?
True
Does 19 divide 486558?
False
Does 35 divide 1445170?
False
Does 65 divide 2509000?
True
Does 13 divide 88361?
True
Is 476637 a multiple of 55?
False
Does 30 divide 5929920?
True
Is 193 a factor of 179231?
False
Is 74 a factor of 39716?
False
Is 13711316 a multiple of 22?
False
Does 174 divide 255768?
False
Is 8623713 a multiple of 501?
True
Is 56 a factor of 126611?
False
Is 2109511 a multiple of 9?
False
Does 4 divide 157171?
False
Is 214274 a multiple of 191?
False
Does 86 divide 6693294?
True
Does 72 divide 96402?
False
Is 1882406 a multiple of 19?
True
Is 23 a factor of 82202?
True
Is 14107880 a multiple of 76?
True
Does 2657 divide 21072667?
True
Is 824376 a multiple of 294?
True
Is 24672998 a multiple of 128?
False
Does 153 divide 126162?
False
Is 187962 a multiple of 6?
True
Is 103 a factor of 947291?
True
Does 261 divide 823977?
True
Is 369123 a multiple of 3?
True
Is 1010367 a multiple of 109?
False
Is 709 a factor of 4178137?
True
Is 57 a factor of 10753?
False
Is 51 a factor of 289068?
True
Does 82 divide 286754?
True
Does 212 divide 1161124?
True
Is 17697 a multiple of 3?
True
Is 60 a factor of 340298?
False
Is 2 a factor of 1063194?
True
Does 90 divide 227516?
False
Does 6 divide 157403?
False
Is 204 a factor of 1041087?
False
Is 179 a factor of 3256870?
False
Is 2276946 a multiple of 51?
True
Does 228 divide 2463084?
True
Is 1677 a factor of 4039893?
True
Is 164208 a multiple of 318?
False
Is 22 a factor of 5037076?
True
Is 26 a factor of 6059694?
False
Is 398 a factor of 5106738?
True
Is 678524 a multiple of 62?
False
Is 73 a factor of 489684?
True
Does 35 divide 263135?
False
Is 455 a factor of 1313585?
True
Is 371517 a multiple of 503?
False
Does 4 divide 48009?
False
Is 253334 a multiple of 97?
False
Does 8 divide 15093621?
False
Is 126 a factor of 70272?
False
Is 983988 a multiple of 162?
True
Does 43 divide 22699841?
False
Is 616 a factor of 4950176?
True
Does 76 divide 1043556?
True
Does 26 divide 1392222?
True
Is 1010952 a multiple of 2?
True
Does 5 divide 11577?
False
Is 371 a factor of 1529828?
False
Is 4 a factor of 1395664?
True
Does 23 divide 4143570?
False
Does 51 divide 617155?
False
Is 5 a factor of 246248?
False
Is 502 a factor of 1683206?
True
Is 14646654 a multiple of 33?
True
Does 25 divide 190650?
True
Is 146640 a multiple of 141?
True
Is 11035752 a multiple of 13?
True
Is 1950 a factor of 24303526?
False
Is 408 a factor of 3991872?
True
Is 1511796 a multiple of 10?
False
Does 52 divide 186108?
True
Does 18 divide 56808?
True
Does 359 divide 91458?
False
Does 20 divide 1134486?
False
Is 27068 a multiple of 67?
True
Is 177929 a multiple of 174?
False
Does 77 divide 5405450?
False
Is 1135 a factor of 2283556?
False
Is 47 a factor of 109828?
False
Is 68 a factor of 43520?
True
Is 4498506 a multiple of 306?
True
Does 197 divide 1645147?
True
Does 19 divide 107196?
False
Does 4 divide 920455?
False
Is 319 a factor of 120263?
True
Is 514 a multiple of 14?
False
Does 19 divide 367935?
True
Does 31 divide 1385731?
True
Does 14 divide 4720940?
True
Is 926 a factor of 458370?
True
Is 5 a factor of 33520?
True
Does 8 divide 4919376?
True
Does 64 divide 3932?
False
Is 193682 a multiple of 113?
True
Is 14021505 a multiple of 7?
False
Is 1019 a factor of 11449484?
True
Is 176 a factor of 1035185?
False
Is 301 a